common divisor of 1325700 and 3564.
108
What is the highest common divisor of 429 and 3599349?
39
What is the greatest common factor of 354 and 47280004?
118
Calculate the highest common divisor of 192058 and 22454.
218
Calculate the highest common factor of 68324 and 396.
4
What is the highest common factor of 24 and 46288488?
24
What is the greatest common factor of 1940449 and 193627?
1393
Calculate the highest common factor of 1160 and 139260.
20
Calculate the highest common factor of 467441 and 177154.
877
Calculate the highest common divisor of 97520280 and 585.
195
Calculate the greatest common factor of 16400124 and 212004.
1404
What is the highest common divisor of 23582041 and 14?
7
Calculate the greatest common divisor of 41888 and 162304.
32
What is the greatest common divisor of 58023 and 20876?
307
Calculate the greatest common factor of 143424 and 809280.
576
Calculate the highest common factor of 98 and 11093768.
14
What is the highest common factor of 16 and 3844284?
4
What is the highest common divisor of 1990 and 29070?
10
What is the greatest common factor of 56 and 54335624?
56
Calculate the highest common divisor of 179005 and 6130.
5
What is the highest common factor of 3880 and 9377960?
3880
What is the greatest common divisor of 245884638 and 2586?
2586
Calculate the greatest common divisor of 749044 and 3333384.
2764
Calculate the highest common factor of 3969 and 30845205.
81
What is the greatest common divisor of 900258 and 170754?
894
Calculate the highest common factor of 56770 and 91465.
5
Calculate the highest common factor of 994 and 14704739.
497
What is the greatest common divisor of 125 and 314455?
5
What is the greatest common divisor of 623950747 and 19285?
3857
Calculate the highest common factor of 42 and 188941146.
6
Calculate the highest common factor of 250551 and 325827.
369
Calculate the greatest common factor of 2729371 and 11060.
79
Calculate the highest common factor of 356 and 62334977.
89
Calculate the highest common divisor of 7928 and 111704.
8
What is the highest common factor of 16146 and 171672?
138
What is the greatest common factor of 39016901 and 132?
11
What is the greatest common divisor of 321217 and 26026?
13
What is the highest common divisor of 147 and 36549835?
49
Calculate the highest common divisor of 8722119 and 3008.
47
What is the highest common divisor of 9190440 and 56?
56
Calculate the greatest common factor of 40 and 713096.
8
What is the greatest common divisor of 921669 and 1218?
21
What is the highest common factor of 679554 and 11751118?
3974
Calculate the highest common divisor of 607 and 4889.
1
What is the highest common factor of 480 and 28310080?
160
What is the highest common factor of 187 and 358688?
11
Calculate the highest common factor of 6 and 102325392.
6
Calculate the greatest common factor of 3625 and 17074475.
725
What is the highest common factor of 11860 and 41633344?
2372
Calculate the highest common divisor of 472803 and 429723.
1077
What is the highest common divisor of 16270 and 4990?
10
What is the greatest common factor of 3174773 and 553?
553
What is the greatest common factor of 18960 and 240990?
30
Calculate the greatest common factor of 410912 and 38048.
32
What is the highest common divisor of 366742267 and 193?
193
Calculate the greatest common factor of 313948 and 4.
4
Calculate the highest common divisor of 5912330 and 16.
2
What is the greatest common factor of 299750500 and 10500?
3500
What is the greatest common factor of 18 and 2531796066?
18
Calculate the highest common factor of 13415085 and 405.
135
What is the highest common factor of 3572 and 345779?
47
What is the greatest common divisor of 309 and 699061?
103
Calculate the greatest common factor of 73925720 and 440.
440
Calculate the greatest common factor of 103873 and 274895173.
9443
Calculate the highest common factor of 192 and 115716000.
96
What is the greatest common divisor of 40 and 2684840?
40
Calculate the greatest common factor of 1285792 and 32384.
736
What is the highest common factor of 2266742 and 184?
46
Calculate the greatest common divisor of 1815 and 3449710.
605
Calculate the greatest common factor of 104 and 1356743804.
52
What is the highest common divisor of 6198344 and 71456?
232
Calculate the highest common factor of 190235 and 10.
5
What is the highest common factor of 247870 and 125?
5
Calculate the highest common factor of 90 and 563251815.
45
Calculate the greatest common divisor of 566562294 and 18.
18
What is the greatest common factor of 8799417 and 396?
99
What is the highest common factor of 258466070 and 1010?
1010
Calculate the highest common divisor of 2353559 and 22975.
919
What is the greatest common divisor of 10161674 and 115218?
346
What is the greatest common divisor of 18012150 and 162?
18
What is the greatest common factor of 216 and 2746080?
72
What is the highest common factor of 958248 and 15192?
72
Calculate the highest common factor of 1990902708 and 306.
306
What is the greatest common factor of 648 and 362961?
81
Calculate the highest common divisor of 9773555 and 7645.
55
What is the highest common divisor of 1155 and 144414655?
385
Calculate the highest common factor of 36708 and 3956940.
228
What is the greatest common divisor of 2900306 and 244?
122
Calculate the highest common factor of 340 and 6447148.
68
What is the highest common factor of 2131 and 1273647556?
2131
Calculate the greatest common factor of 801534 and 17622.
534
Calculate the highest common divisor of 5148 and 6352060.
572
What is the greatest common divisor of 39014288 and 656?
656
What is the greatest common divisor of 319902 and 822811?
1441
Calculate the highest common divisor of 68256 and 92550870.
4266
What is the highest common factor of 396 and 6781032?
36
What is the highest common factor of 45171 and 97713?
189
What is the greatest common divisor of 20 and 658569140?
20
Calculate the greatest common divisor of 2675362236 and 1356.
1356
What is the highest common factor of 6872 and 1432406552?
6872
What is the highest common divisor of 214740 and 620?
20
Calculate the highest common factor of 902 and 4834214.
22
What is the highest common factor of 152683 and 3538?
61
What is the greatest common factor of 108 and 22580172?
36
Calculate the greatest common divisor of 15612 and 30939081.
3903
Calculate the greatest common factor of 36472668 and 12.
12
What is the greatest common factor of 2473762288 and 6172?
6172
What is the highest common divisor of 46 and 648264062?
46
Calculate the greatest common factor of 1288 and 530117.
7
Calculate the highest common divisor of 120 and 38374968.
24
What is the highest common factor of 24070698 and 666?
18
Calculate the highest common divisor of 1816832 and 10112.
128
Calculate the greatest common factor of 20297676 and 756.
84
What is the highest common factor of 89433240 and 12?
12
Calculate the greatest common divisor of 95280 and 27024.
48
Calculate the highest common divisor of 5 and 776092695.
5
Calculate the highest common divisor of 18349 and 8720751.
311
Calculate the highest common factor of 392576 and 3712.
128
What is the greatest common factor of 30292 and 1076?
4
Calculate the highest common divisor of 164643630 and 15030.
5010
What is the highest common factor of 41508 and 94572?
36
What is the highest common factor of 71484 and 114478?
518
Calculate the greatest common divisor of 35736376 and 260.
52
Calculate the greatest common factor of 3 and 18096963.
3
Calculate the greatest common factor of 17138 and 1310606.
902
Calculate the greatest common factor of 58606013 and 4959.
551
What is the highest common divisor of 2826254 and 187142?
1366
What is the greatest common divisor of 558783 and 142551?
423
What is the greatest common divisor of 1369 and 10719381?
37
Calculate the greatest common divisor of 37385784 and 360.
72
What is the greatest common factor of 15389 and 3009249?
1399
What is the greatest common factor of 1884 and 6415836?
12
Calculate the highest common divisor of 85483 and 33361.
73
Calculate the greatest common factor of 20537504 and 416.
416
Calculate the highest common factor of 2520 and 632680.
40
What is the greatest common divisor of 58 and 25657286?
58
What is